{"id":1030,"date":"2022-01-04T10:12:35","date_gmt":"2022-01-04T10:12:35","guid":{"rendered":"https:\/\/anglerverein-mm.de\/?page_id=1030"},"modified":"2022-01-04T19:36:54","modified_gmt":"2022-01-04T19:36:54","slug":"see-iv","status":"publish","type":"page","link":"https:\/\/anglerverein-mm.de\/?page_id=1030","title":{"rendered":"See IV"},"content":{"rendered":"\t\t<div data-elementor-type=\"wp-page\" data-elementor-id=\"1030\" class=\"elementor elementor-1030\" data-elementor-post-type=\"page\">\n\t\t\t\t\t\t<section class=\"elementor-section elementor-top-section elementor-element elementor-element-1b89abcb elementor-section-boxed elementor-section-height-default elementor-section-height-default\" data-id=\"1b89abcb\" data-element_type=\"section\" data-e-type=\"section\">\n\t\t\t\t\t\t<div class=\"elementor-container elementor-column-gap-default\">\n\t\t\t\t\t<div class=\"elementor-column elementor-col-100 elementor-top-column elementor-element elementor-element-41cd4841\" data-id=\"41cd4841\" data-element_type=\"column\" data-e-type=\"column\">\n\t\t\t<div class=\"elementor-widget-wrap elementor-element-populated\">\n\t\t\t\t\t\t<div class=\"elementor-element elementor-element-f376734 elementor-widget elementor-widget-text-editor\" data-id=\"f376734\" data-element_type=\"widget\" data-e-type=\"widget\" data-widget_type=\"text-editor.default\">\n\t\t\t\t<div class=\"elementor-widget-container\">\n\t\t\t\t\t\t\t\t\t<p style=\"text-align: left;\"><span style=\"font-family: Arial;\">Gr\u00f6\u00dftes Gew\u00e4sser des Vereins (ca. 3,5 ha). Ist mit dem Main durch einen schmalen, ca. 10 m breiten Durchlass verbunden und inzwischen g\u00e4nzlich ausgebeutet (Sandabbau). Die R\u00e4nder und das Umfeld dieses Gew\u00e4ssers weisen keinen nennenswerten Baumbestand auf. Derzeit s\u00e4umen Erlen- und Weidenb\u00fcsche sowie zunehmende Schilfg\u00fcrtel den Uferbereich. Die geschaffenen Flachzonen sind von Amphibien und andere Tieren gut angenommen worden. Entlang des betonierten Weges sind in den letzten Jahren Obstb\u00e4ume gepflanzt worden. Nach der Kies- und Sandausbeute, die vor einigen Jahren abgeschlossen wurde, siedelten sich Uferschwalben im Bereich der Abbruchkanten an. In der Zeit vom 1. 3. bis 15. 7. ist der westliche Teil (ca. 1\/4 der Wasserfl\u00e4che) dieses Baggersees f\u00fcr das Angeln gesperrt (Nistzeit der Wasserv\u00f6gel).<\/span><\/p>\t\t\t\t\t\t\t\t<\/div>\n\t\t\t\t<\/div>\n\t\t\t\t<div class=\"elementor-element elementor-element-dca26d1 gallery-spacing-custom elementor-widget elementor-widget-image-gallery\" data-id=\"dca26d1\" data-element_type=\"widget\" data-e-type=\"widget\" data-widget_type=\"image-gallery.default\">\n\t\t\t\t<div class=\"elementor-widget-container\">\n\t\t\t\t\t\t\t<div class=\"elementor-image-gallery\">\n\t\t\t<div id='gallery-1' class='gallery galleryid-1030 gallery-columns-4 gallery-size-medium'><figure class='gallery-item'>\n\t\t\t<div class='gallery-icon landscape'>\n\t\t\t\t<a data-elementor-open-lightbox=\"yes\" data-elementor-lightbox-slideshow=\"dca26d1\" data-elementor-lightbox-title=\"see4_4\" data-e-action-hash=\"#elementor-action%3Aaction%3Dlightbox%26settings%3DeyJpZCI6MTAzNSwidXJsIjoiaHR0cHM6XC9cL2FuZ2xlcnZlcmVpbi1tbS5kZVwvd3AtY29udGVudFwvdXBsb2Fkc1wvMjAyMlwvMDFcL3NlZTRfNC5qcGVnIiwic2xpZGVzaG93IjoiZGNhMjZkMSJ9\" href='https:\/\/anglerverein-mm.de\/wp-content\/uploads\/2022\/01\/see4_4.jpeg'><img fetchpriority=\"high\" decoding=\"async\" width=\"300\" height=\"204\" src=\"https:\/\/anglerverein-mm.de\/wp-content\/uploads\/2022\/01\/see4_4-300x204.jpeg\" class=\"attachment-medium size-medium\" alt=\"\" srcset=\"https:\/\/anglerverein-mm.de\/wp-content\/uploads\/2022\/01\/see4_4-300x204.jpeg 300w, https:\/\/anglerverein-mm.de\/wp-content\/uploads\/2022\/01\/see4_4-768x523.jpeg 768w, https:\/\/anglerverein-mm.de\/wp-content\/uploads\/2022\/01\/see4_4.jpeg 800w\" sizes=\"(max-width: 300px) 100vw, 300px\" \/><\/a>\n\t\t\t<\/div><\/figure><figure class='gallery-item'>\n\t\t\t<div class='gallery-icon landscape'>\n\t\t\t\t<a data-elementor-open-lightbox=\"yes\" data-elementor-lightbox-slideshow=\"dca26d1\" data-elementor-lightbox-title=\"see4_3\" data-e-action-hash=\"#elementor-action%3Aaction%3Dlightbox%26settings%3DeyJpZCI6MTAzNCwidXJsIjoiaHR0cHM6XC9cL2FuZ2xlcnZlcmVpbi1tbS5kZVwvd3AtY29udGVudFwvdXBsb2Fkc1wvMjAyMlwvMDFcL3NlZTRfMy5qcGVnIiwic2xpZGVzaG93IjoiZGNhMjZkMSJ9\" href='https:\/\/anglerverein-mm.de\/wp-content\/uploads\/2022\/01\/see4_3.jpeg'><img decoding=\"async\" width=\"300\" height=\"208\" src=\"https:\/\/anglerverein-mm.de\/wp-content\/uploads\/2022\/01\/see4_3-300x208.jpeg\" class=\"attachment-medium size-medium\" alt=\"\" srcset=\"https:\/\/anglerverein-mm.de\/wp-content\/uploads\/2022\/01\/see4_3-300x208.jpeg 300w, https:\/\/anglerverein-mm.de\/wp-content\/uploads\/2022\/01\/see4_3-768x533.jpeg 768w, https:\/\/anglerverein-mm.de\/wp-content\/uploads\/2022\/01\/see4_3.jpeg 800w\" sizes=\"(max-width: 300px) 100vw, 300px\" \/><\/a>\n\t\t\t<\/div><\/figure><figure class='gallery-item'>\n\t\t\t<div class='gallery-icon landscape'>\n\t\t\t\t<a data-elementor-open-lightbox=\"yes\" data-elementor-lightbox-slideshow=\"dca26d1\" data-elementor-lightbox-title=\"see4_2\" data-e-action-hash=\"#elementor-action%3Aaction%3Dlightbox%26settings%3DeyJpZCI6MTAzMywidXJsIjoiaHR0cHM6XC9cL2FuZ2xlcnZlcmVpbi1tbS5kZVwvd3AtY29udGVudFwvdXBsb2Fkc1wvMjAyMlwvMDFcL3NlZTRfMi5qcGVnIiwic2xpZGVzaG93IjoiZGNhMjZkMSJ9\" href='https:\/\/anglerverein-mm.de\/wp-content\/uploads\/2022\/01\/see4_2.jpeg'><img decoding=\"async\" width=\"300\" height=\"205\" src=\"https:\/\/anglerverein-mm.de\/wp-content\/uploads\/2022\/01\/see4_2-300x205.jpeg\" class=\"attachment-medium size-medium\" alt=\"\" srcset=\"https:\/\/anglerverein-mm.de\/wp-content\/uploads\/2022\/01\/see4_2-300x205.jpeg 300w, https:\/\/anglerverein-mm.de\/wp-content\/uploads\/2022\/01\/see4_2-768x525.jpeg 768w, https:\/\/anglerverein-mm.de\/wp-content\/uploads\/2022\/01\/see4_2.jpeg 800w\" sizes=\"(max-width: 300px) 100vw, 300px\" \/><\/a>\n\t\t\t<\/div><\/figure><figure class='gallery-item'>\n\t\t\t<div class='gallery-icon landscape'>\n\t\t\t\t<a data-elementor-open-lightbox=\"yes\" data-elementor-lightbox-slideshow=\"dca26d1\" data-elementor-lightbox-title=\"see4_1\" data-e-action-hash=\"#elementor-action%3Aaction%3Dlightbox%26settings%3DeyJpZCI6MTAzMiwidXJsIjoiaHR0cHM6XC9cL2FuZ2xlcnZlcmVpbi1tbS5kZVwvd3AtY29udGVudFwvdXBsb2Fkc1wvMjAyMlwvMDFcL3NlZTRfMS5qcGVnIiwic2xpZGVzaG93IjoiZGNhMjZkMSJ9\" href='https:\/\/anglerverein-mm.de\/wp-content\/uploads\/2022\/01\/see4_1.jpeg'><img loading=\"lazy\" decoding=\"async\" width=\"300\" height=\"200\" src=\"https:\/\/anglerverein-mm.de\/wp-content\/uploads\/2022\/01\/see4_1-300x200.jpeg\" class=\"attachment-medium size-medium\" alt=\"\" srcset=\"https:\/\/anglerverein-mm.de\/wp-content\/uploads\/2022\/01\/see4_1-300x200.jpeg 300w, https:\/\/anglerverein-mm.de\/wp-content\/uploads\/2022\/01\/see4_1-768x511.jpeg 768w, https:\/\/anglerverein-mm.de\/wp-content\/uploads\/2022\/01\/see4_1.jpeg 800w\" sizes=\"(max-width: 300px) 100vw, 300px\" \/><\/a>\n\t\t\t<\/div><\/figure>\n\t\t<\/div>\n\t\t<\/div>\n\t\t\t\t\t\t<\/div>\n\t\t\t\t<\/div>\n\t\t\t\t<div class=\"elementor-element elementor-element-00dc86a elementor-widget-divider--view-line_icon elementor-widget-divider--separator-type-pattern elementor-view-default elementor-widget-divider--element-align-center elementor-widget elementor-widget-divider\" data-id=\"00dc86a\" data-element_type=\"widget\" data-e-type=\"widget\" data-widget_type=\"divider.default\">\n\t\t\t\t<div class=\"elementor-widget-container\">\n\t\t\t\t\t\t\t<div class=\"elementor-divider\" style=\"--divider-pattern-url: url(&quot;data:image\/svg+xml,%3Csvg xmlns=&#039;http:\/\/www.w3.org\/2000\/svg&#039; preserveAspectRatio=&#039;none&#039; overflow=&#039;visible&#039; height=&#039;100%&#039; viewBox=&#039;0 0 24 24&#039; fill=&#039;none&#039; stroke=&#039;black&#039; stroke-width=&#039;1&#039; stroke-linecap=&#039;square&#039; stroke-miterlimit=&#039;10&#039;%3E%3Cpath d=&#039;M0,6c6,0,6,13,12,13S18,6,24,6&#039;\/%3E%3C\/svg%3E&quot;);\">\n\t\t\t<span class=\"elementor-divider-separator\">\n\t\t\t\t\t\t\t<div class=\"elementor-icon elementor-divider__element\">\n\t\t\t\t\t<i aria-hidden=\"true\" class=\"fas fa-fish\"><\/i><\/div>\n\t\t\t\t\t\t<\/span>\n\t\t<\/div>\n\t\t\t\t\t\t<\/div>\n\t\t\t\t<\/div>\n\t\t\t\t<div class=\"elementor-element elementor-element-0a9aeda elementor-widget elementor-widget-text-editor\" data-id=\"0a9aeda\" data-element_type=\"widget\" data-e-type=\"widget\" data-widget_type=\"text-editor.default\">\n\t\t\t\t<div class=\"elementor-widget-container\">\n\t\t\t\t\t\t\t\t\t<h4 style=\"font-size: 1.33333rem; font-style: normal;\"><span style=\"font-family: Arial;\">Bodenverh\u00e4ltnisse<\/span><\/h4><p><span style=\"font-family: Arial;\">Wie bei frisch ausgebeuteten \u201eSandgruben\u201c \u00fcblich, ist der Grund \u00fcberwiegend fest und sandig. Wasserpflanzen (Seerosen, Armleuchtergew\u00e4chse) haben sich in der letzten Zeit vermehrt.<\/span><\/p>\t\t\t\t\t\t\t\t<\/div>\n\t\t\t\t<\/div>\n\t\t\t\t<div class=\"elementor-element elementor-element-08713e7 elementor-widget-divider--view-line_icon elementor-widget-divider--separator-type-pattern elementor-view-default elementor-widget-divider--element-align-center elementor-widget elementor-widget-divider\" data-id=\"08713e7\" data-element_type=\"widget\" data-e-type=\"widget\" data-widget_type=\"divider.default\">\n\t\t\t\t<div class=\"elementor-widget-container\">\n\t\t\t\t\t\t\t<div class=\"elementor-divider\" style=\"--divider-pattern-url: url(&quot;data:image\/svg+xml,%3Csvg xmlns=&#039;http:\/\/www.w3.org\/2000\/svg&#039; preserveAspectRatio=&#039;none&#039; overflow=&#039;visible&#039; height=&#039;100%&#039; viewBox=&#039;0 0 24 24&#039; fill=&#039;none&#039; stroke=&#039;black&#039; stroke-width=&#039;1&#039; stroke-linecap=&#039;square&#039; stroke-miterlimit=&#039;10&#039;%3E%3Cpath d=&#039;M0,6c6,0,6,13,12,13S18,6,24,6&#039;\/%3E%3C\/svg%3E&quot;);\">\n\t\t\t<span class=\"elementor-divider-separator\">\n\t\t\t\t\t\t\t<div class=\"elementor-icon elementor-divider__element\">\n\t\t\t\t\t<i aria-hidden=\"true\" class=\"fas fa-fish\"><\/i><\/div>\n\t\t\t\t\t\t<\/span>\n\t\t<\/div>\n\t\t\t\t\t\t<\/div>\n\t\t\t\t<\/div>\n\t\t\t\t<div class=\"elementor-element elementor-element-9419125 elementor-widget elementor-widget-text-editor\" data-id=\"9419125\" data-element_type=\"widget\" data-e-type=\"widget\" data-widget_type=\"text-editor.default\">\n\t\t\t\t<div class=\"elementor-widget-container\">\n\t\t\t\t\t\t\t\t\t<h4>Tiefe<\/h4><p>Von Flachbereichen bis zu stark ausgebeuteten \u201eL\u00f6chern\u201c von bis zu ca. 6 m Tiefe sind alle Wassertiefen vorhanden. Die Durchschnittstiefe betr\u00e4gt ca. 2,5 m.<\/p>\t\t\t\t\t\t\t\t<\/div>\n\t\t\t\t<\/div>\n\t\t\t\t<div class=\"elementor-element elementor-element-d26dce1 elementor-widget-divider--view-line_icon elementor-widget-divider--separator-type-pattern elementor-view-default elementor-widget-divider--element-align-center elementor-widget elementor-widget-divider\" data-id=\"d26dce1\" data-element_type=\"widget\" data-e-type=\"widget\" data-widget_type=\"divider.default\">\n\t\t\t\t<div class=\"elementor-widget-container\">\n\t\t\t\t\t\t\t<div class=\"elementor-divider\" style=\"--divider-pattern-url: url(&quot;data:image\/svg+xml,%3Csvg xmlns=&#039;http:\/\/www.w3.org\/2000\/svg&#039; preserveAspectRatio=&#039;none&#039; overflow=&#039;visible&#039; height=&#039;100%&#039; viewBox=&#039;0 0 24 24&#039; fill=&#039;none&#039; stroke=&#039;black&#039; stroke-width=&#039;1&#039; stroke-linecap=&#039;square&#039; stroke-miterlimit=&#039;10&#039;%3E%3Cpath d=&#039;M0,6c6,0,6,13,12,13S18,6,24,6&#039;\/%3E%3C\/svg%3E&quot;);\">\n\t\t\t<span class=\"elementor-divider-separator\">\n\t\t\t\t\t\t\t<div class=\"elementor-icon elementor-divider__element\">\n\t\t\t\t\t<i aria-hidden=\"true\" class=\"fas fa-fish\"><\/i><\/div>\n\t\t\t\t\t\t<\/span>\n\t\t<\/div>\n\t\t\t\t\t\t<\/div>\n\t\t\t\t<\/div>\n\t\t\t\t<div class=\"elementor-element elementor-element-d0a31ca elementor-widget elementor-widget-text-editor\" data-id=\"d0a31ca\" data-element_type=\"widget\" data-e-type=\"widget\" data-widget_type=\"text-editor.default\">\n\t\t\t\t<div class=\"elementor-widget-container\">\n\t\t\t\t\t\t\t\t\t<h4 style=\"font-size: 1.33333rem; font-style: normal;\">Fischvorkommen<\/h4><p style=\"font-size: 15px; font-style: normal; font-weight: 400;\">Alle im Main vorkommenden Fischarten kommen auch in diesem Baggersee vor. Kapitale F\u00e4nge wurden bereits beim Waller, Karpfen, Zander und Rapfen beobachtet. Zander und besonders Rapfen scheinen sich aufgrund einer dichten Wei\u00dffischpopulation sehr wohl zu f\u00fchlen.<\/p>\t\t\t\t\t\t\t\t<\/div>\n\t\t\t\t<\/div>\n\t\t\t\t<div class=\"elementor-element elementor-element-135efb5 elementor-widget-divider--view-line_icon elementor-widget-divider--separator-type-pattern elementor-view-default elementor-widget-divider--element-align-center elementor-widget elementor-widget-divider\" data-id=\"135efb5\" data-element_type=\"widget\" data-e-type=\"widget\" data-widget_type=\"divider.default\">\n\t\t\t\t<div class=\"elementor-widget-container\">\n\t\t\t\t\t\t\t<div class=\"elementor-divider\" style=\"--divider-pattern-url: url(&quot;data:image\/svg+xml,%3Csvg xmlns=&#039;http:\/\/www.w3.org\/2000\/svg&#039; preserveAspectRatio=&#039;none&#039; overflow=&#039;visible&#039; height=&#039;100%&#039; viewBox=&#039;0 0 24 24&#039; fill=&#039;none&#039; stroke=&#039;black&#039; stroke-width=&#039;1&#039; stroke-linecap=&#039;square&#039; stroke-miterlimit=&#039;10&#039;%3E%3Cpath d=&#039;M0,6c6,0,6,13,12,13S18,6,24,6&#039;\/%3E%3C\/svg%3E&quot;);\">\n\t\t\t<span class=\"elementor-divider-separator\">\n\t\t\t\t\t\t\t<div class=\"elementor-icon elementor-divider__element\">\n\t\t\t\t\t<i aria-hidden=\"true\" class=\"fas fa-fish\"><\/i><\/div>\n\t\t\t\t\t\t<\/span>\n\t\t<\/div>\n\t\t\t\t\t\t<\/div>\n\t\t\t\t<\/div>\n\t\t\t\t<div class=\"elementor-element elementor-element-2e13c58a elementor-widget elementor-widget-text-editor\" data-id=\"2e13c58a\" data-element_type=\"widget\" data-e-type=\"widget\" data-widget_type=\"text-editor.default\">\n\t\t\t\t<div class=\"elementor-widget-container\">\n\t\t\t\t\t\t\t\t\t<h4>Weiteres<\/h4><p><span style=\"font-family: Arial;\"><a href=\"https:\/\/anglerverein-mm.de\/wp-content\/uploads\/2022\/01\/see4.pdf\">Datenblatt<\/a>\u00a0zum See 4 vom Tiergesundheitsdienst<\/span><span style=\"font-family: Arial;\"><br \/><\/span><\/p><p><span style=\"font-family: Arial;\">\u00a0<\/span><\/p>\t\t\t\t\t\t\t\t<\/div>\n\t\t\t\t<\/div>\n\t\t\t\t\t<\/div>\n\t\t<\/div>\n\t\t\t\t\t<\/div>\n\t\t<\/section>\n\t\t\t\t<\/div>\n\t\t","protected":false},"excerpt":{"rendered":"<p>Gr\u00f6\u00dftes Gew\u00e4sser des Vereins (ca. 3,5 ha). Ist mit dem Main durch einen schmalen, ca. 10 m breiten Durchlass verbunden und inzwischen g\u00e4nzlich ausgebeutet (Sandabbau). Die R\u00e4nder und das Umfeld dieses Gew\u00e4ssers weisen keinen nennenswerten Baumbestand auf. Derzeit s\u00e4umen Erlen- und Weidenb\u00fcsche sowie zunehmende Schilfg\u00fcrtel den Uferbereich. Die geschaffenen Flachzonen sind von Amphibien und andere [&hellip;]<\/p>\n","protected":false},"author":2,"featured_media":0,"parent":0,"menu_order":0,"comment_status":"closed","ping_status":"closed","template":"","meta":{"site-sidebar-layout":"no-sidebar","site-content-layout":"default","ast-site-content-layout":"default","site-content-style":"default","site-sidebar-style":"default","ast-global-header-display":"","ast-banner-title-visibility":"","ast-main-header-display":"","ast-hfb-above-header-display":"","ast-hfb-below-header-display":"","ast-hfb-mobile-header-display":"","site-post-title":"","ast-breadcrumbs-content":"","ast-featured-img":"","footer-sml-layout":"","ast-disable-related-posts":"","theme-transparent-header-meta":"","adv-header-id-meta":"","stick-header-meta":"","header-above-stick-meta":"","header-main-stick-meta":"","header-below-stick-meta":"","astra-migrate-meta-layouts":"default","ast-page-background-enabled":"default","ast-page-background-meta":{"desktop":{"background-color":"var(--ast-global-color-4)","background-image":"","background-repeat":"repeat","background-position":"center center","background-size":"auto","background-attachment":"scroll","background-type":"","background-media":"","overlay-type":"","overlay-color":"","overlay-opacity":"","overlay-gradient":""},"tablet":{"background-color":"","background-image":"","background-repeat":"repeat","background-position":"center center","background-size":"auto","background-attachment":"scroll","background-type":"","background-media":"","overlay-type":"","overlay-color":"","overlay-opacity":"","overlay-gradient":""},"mobile":{"background-color":"","background-image":"","background-repeat":"repeat","background-position":"center center","background-size":"auto","background-attachment":"scroll","background-type":"","background-media":"","overlay-type":"","overlay-color":"","overlay-opacity":"","overlay-gradient":""}},"ast-content-background-meta":{"desktop":{"background-color":"var(--ast-global-color-5)","background-image":"","background-repeat":"repeat","background-position":"center center","background-size":"auto","background-attachment":"scroll","background-type":"","background-media":"","overlay-type":"","overlay-color":"","overlay-opacity":"","overlay-gradient":""},"tablet":{"background-color":"var(--ast-global-color-5)","background-image":"","background-repeat":"repeat","background-position":"center center","background-size":"auto","background-attachment":"scroll","background-type":"","background-media":"","overlay-type":"","overlay-color":"","overlay-opacity":"","overlay-gradient":""},"mobile":{"background-color":"var(--ast-global-color-5)","background-image":"","background-repeat":"repeat","background-position":"center center","background-size":"auto","background-attachment":"scroll","background-type":"","background-media":"","overlay-type":"","overlay-color":"","overlay-opacity":"","overlay-gradient":""}},"footnotes":""},"class_list":["post-1030","page","type-page","status-publish","hentry"],"_links":{"self":[{"href":"https:\/\/anglerverein-mm.de\/index.php?rest_route=\/wp\/v2\/pages\/1030","targetHints":{"allow":["GET"]}}],"collection":[{"href":"https:\/\/anglerverein-mm.de\/index.php?rest_route=\/wp\/v2\/pages"}],"about":[{"href":"https:\/\/anglerverein-mm.de\/index.php?rest_route=\/wp\/v2\/types\/page"}],"author":[{"embeddable":true,"href":"https:\/\/anglerverein-mm.de\/index.php?rest_route=\/wp\/v2\/users\/2"}],"replies":[{"embeddable":true,"href":"https:\/\/anglerverein-mm.de\/index.php?rest_route=%2Fwp%2Fv2%2Fcomments&post=1030"}],"version-history":[{"count":3,"href":"https:\/\/anglerverein-mm.de\/index.php?rest_route=\/wp\/v2\/pages\/1030\/revisions"}],"predecessor-version":[{"id":1169,"href":"https:\/\/anglerverein-mm.de\/index.php?rest_route=\/wp\/v2\/pages\/1030\/revisions\/1169"}],"wp:attachment":[{"href":"https:\/\/anglerverein-mm.de\/index.php?rest_route=%2Fwp%2Fv2%2Fmedia&parent=1030"}],"curies":[{"name":"wp","href":"https:\/\/api.w.org\/{rel}","templated":true}]}}